 of 59?
False
Does 36 divide 874?
False
Is 1323 a multiple of 49?
True
Does 121 divide 984?
False
Does 81 divide 1961?
False
Is 11704 a multiple of 76?
True
Is 2367 a multiple of 4?
False
Is 241 a multiple of 17?
False
Is 92 a factor of 34836?
False
Is 224 even?
True
Is 598 a multiple of 9?
False
Is 2169 a multiple of 2?
False
Is 26895 a multiple of 33?
True
Is 14 a factor of 789?
False
Is 74 a factor of 33764?
False
Is 25881 a multiple of 8?
False
Is 2490 a multiple of 30?
True
Is 237 a factor of 27729?
True
Is 15822 a multiple of 216?
False
Is 245 a multiple of 35?
True
Is 686 a multiple of 14?
True
Does 3 divide 1003?
False
Is 98328 a multiple of 9?
False
Does 92 divide 538?
False
Does 13 divide 1625?
True
Does 18 divide 1296?
True
Is 268 a factor of 6164?
True
Is 47 a factor of 893?
True
Is 296 a multiple of 19?
False
Is 65 a factor of 80141?
False
Does 30 divide 656?
False
Is 1214 a multiple of 16?
False
Does 14 divide 14182?
True
Is 13 a factor of 204?
False
Does 8 divide 5112?
True
Is 29 a factor of 3625?
True
Is 1323 a multiple of 27?
True
Is 1960 a multiple of 35?
True
Is 2970 a multiple of 99?
True
Is 12 a factor of 52949?
False
Does 181 divide 31356?
False
Is 3777 a multiple of 17?
False
Is 14 a factor of 374?
False
Is 21168 a multiple of 56?
True
Is 134 a multiple of 2?
True
Is 152 a factor of 53048?
True
Is 11 a factor of 100724?
False
Is 12319 a multiple of 127?
True
Is 2 a factor of 5269?
False
Does 65 divide 195?
True
Is 31 a factor of 217?
True
Is 2206 a multiple of 6?
False
Is 1450 a multiple of 29?
True
Is 238 a multiple of 14?
True
Is 12 a factor of 756?
True
Is 352 a multiple of 16?
True
Is 1578 a multiple of 6?
True
Is 141 a multiple of 7?
False
Is 918 a multiple of 17?
True
Does 17 divide 306?
True
Does 12 divide 1380?
True
Is 26 a factor of 1492?
False
Is 5 a factor of 12306?
False
Does 88 divide 17234?
False
Is 12 a factor of 588?
True
Does 26 divide 3565?
False
Is 15079 a multiple of 17?
True
Does 49 divide 1078?
True
Is 3843 a multiple of 81?
False
Does 17 divide 10381?
False
Does 28 divide 695?
False
Is 28894 a multiple of 137?
False
Is 29 a factor of 249?
False
Is 652 a multiple of 75?
False
Is 14 a factor of 10010?
True
Is 3 a factor of 7535?
False
Is 9 a factor of 567?
True
Is 12 a factor of 8940?
True
Is 1877 a multiple of 16?
False
Is 2155 a multiple of 70?
False
Does 27 divide 8163?
False
Does 51 divide 2920?
False
Does 89 divide 2247?
False
Does 120 divide 34067?
False
Is 87 a factor of 1325?
False
Does 443 divide 29681?
True
Is 3741 a multiple of 14?
False
Is 1103 a multiple of 14?
False
Does 9 divide 29502?
True
Does 26 divide 49044?
False
Is 23 a factor of 3787?
False
Is 35192 a multiple of 106?
True
Is 49 a factor of 7889?
True
Does 20 divide 120?
True
Is 13440 a multiple of 23?
False
Is 3420 a multiple of 36?
True
Is 10 a factor of 3635?
False
Is 37 a factor of 5192?
False
Is 7 a factor of 226?
False
Is 42 a multiple of 11?
False
Is 680 a multiple of 34?
True
Does 10 divide 3235?
False
Is 820 a multiple of 41?
True
Does 12 divide 13621?
False
Does 42 divide 697?
False
Is 5179 a multiple of 34?
False
Is 4 a factor of 1872?
True
Is 4348 a multiple of 4?
True
Does 18 divide 59004?
True
Is 9 a factor of 1703?
False
Does 63 divide 2205?
True
Is 2561 a multiple of 13?
True
Does 4 divide 10764?
True
Is 10 a factor of 1388?
False
Is 36 a factor of 1044?
True
Is 43 a multiple of 43?
True
Is 63917 a multiple of 10?
False
Does 112 divide 49840?
True
Does 54 divide 8910?
True
Is 32 a factor of 1984?
True
Is 17 a factor of 35376?
False
Does 18 divide 6915?
False
Does 50 divide 2600?
True
Is 3 a factor of 410?
False
Is 4155 a multiple of 54?
False
Is 26280 a multiple of 40?
True
Is 33 a factor of 1789?
False
Is 32 a factor of 4450?
False
Is 190 a factor of 13110?
True
Is 59423 a multiple of 13?
True
Does 167 divide 10020?
True
Is 3191 a multiple of 36?
False
Is 671 a multiple of 4?
False
Is 187 a factor of 18887?
True
Does 119 divide 14981?
False
Is 33 a factor of 31020?
True
Does 2 divide 8180?
True
Is 3166 a multiple of 38?
False
Does 60 divide 120?
True
Does 9 divide 2976?
False
Is 76133 a multiple of 55?
False
Is 34 a factor of 38812?
False
Is 11 a factor of 109?
False
Does 3 divide 347?
False
Is 321 a factor of 21507?
True
Does 3 divide 6837?
True
Is 10 a factor of 11831?
False
Is 27171 a multiple of 35?
False
Is 276 a factor of 35328?
True
Is 540 a multiple of 3?
True
Does 2 divide 8130?
True
Does 2 divide 4000?
True
Is 90 a factor of 1448?
False
Is 10943 a multiple of 64?
False
Is 290 a multiple of 55?
False
Does 12 divide 2952?
True
Is 7506 a multiple of 9?
True
Is 7208 a multiple of 106?
True
Does 17 divide 1948?
False
Does 12 divide 84?
True
Is 8308 a multiple of 62?
True
Does 36 divide 852?
False
Does 16 divide 5808?
True
Is 62 a factor of 4534?
False
Does 9 divide 1165?
False
Is 10 a factor of 4970?
True
Does 16 divide 4318?
False
Is 980 a multiple of 14?
True
Does 6 divide 573?
False
Is 1245 a multiple of 5?
True
Is 2730 a multiple of 7?
True
Does 31 divide 23219?
True
Is 5 a factor of 86?
False
Is 928 a multiple of 32?
True
Does 11 divide 2013?
True
Is 56 a factor of 53494?
False
Is 3833 a multiple of 14?
False
Is 3670 a multiple of 15?
False
Is 16 a factor of 339?
False
Does 220 divide 61331?
False
Is 1287 a multiple of 38?
False
Is 10 a factor of 1720?
True
Is 4 a factor of 373?
False
Is 5985 a multiple of 105?
True
Does 9 divide 32663?
False
Is 40 a factor of 39760?
True
Is 33 a factor of 5445?
True
Is 6 a factor of 2320?
False
Is 60 a factor of 60?
True
Is 188 a multiple of 21?
False
Does 3 divide 3837?
True
Is 209 a factor of 8151?
True
Is 17 a factor of 510?
True
Is 6 a factor of 84?
True
Is 55348 a multiple of 213?
False
Is 4824 a multiple of 70?
False
Is 681 a multiple of 28?
False
Is 225 a factor of 10125?
True
Is 89517 a multiple of 48?
False
Does 13 divide 1690?
True
Is 246 even?
True
Is 27213 a multiple of 156?
False
Is 989 a multiple of 66?
False
Is 441 a multiple of 64?
False
Is 10 a factor of 2379?
False
Is 9170 a multiple of 5?
True
Does 15 divide 3132?
False
Is 144 a multiple of 16?
True
Is 18 a factor of 397?
False
Is 8088 a multiple of 24?
True
Is 1372 a multiple of 14?
True
Is 29000 a multiple of 29?
True
Is 235 a multiple of 5?
True
Does 61 divide 1366?
False
Is 5434 a multiple of 26?
True
Is 49 a factor of 33418?
True
Is 133848 a multiple of 132?
True
Is 3261 a multiple of 11?
False
Does 39 divide 5304?
True
Does 79 divide 1808?
False
Does 86 divide 1462?
True
Does 3 divide 2210?
False
Is 41 a factor of 9150?
False
Is 145 a multiple of 10?
False
Does 100 divide 11267?
False
Is 24 a factor of 695?
False
Is 27354 a multiple of 109?
False
Is 4043 a multiple of 13?
True
Is 3392 a multiple of 53?
True
Is 16622 a multiple of 71?
False
Is 20538 a multiple of 21?
True
Is 104 a factor of 4056?
True
Does 113 divide 9471?
False
Does 46 divide 3634?
True
Is 15 a factor of 981?
False
Does 119 divide 84305?
False
Is 884 a multiple of 6?
False
Is 6448 a multiple of 62?
True
Does 14 divide 70?
True
Is 1020 a multiple of 12?
True
Does 29 divide 224?
False
Is 220 a factor of 29040?
True
Is 45 a factor of 1710?
True
Is 66 a factor of 2872?
False
Is 27458 a multiple of 7?
False
Is 78 a factor of 936?
True
Does 18 divide 11956?
False
Is 29296 a multiple of 16?
True
Does 8 divide 23596?
False
Does 9 divide 1494?
True
Is 17 a factor of 527?
True
Does 34 divide 272?
True
Does 61 divide 15649?
False
Is 15 a factor of 12358?
False
Does 19 divide 150846?
False
Does 36 divide 24264?
True
Does 51 divide 229?
False
Does 348 divide 30024?
False
Does 29 divide 522?
True
Is 12241 a multiple of 199?
False
Is 42 a multiple of 14?
True
Is 47 a factor of 82?
False
Is 69 a factor of 31306?
False
Is 41 a factor of 9143?
True
Is 13 a factor of 31551?
True
Is 42 a factor of 754?
False
Does 39 divide 68?
False
Does 5 divide 195?
True
Does 16 divide 90408?
False
Is 1117 a multiple of 9?
False
Is 39150 a multiple of 30?
True
Is 22 a factor of 2293?
False
Does 138 divide 5120?
False
Does 5 divide 4265?
True
Is 14 a factor of 465?
False
Does 18 divide 1494?
True
Is 62 a factor of 806?
True
Does 146 divide 2526?
False
Is 2043 a multiple of 15?
False
Is 33 a factor of 1127?
False
Is 170 a factor of 58542?
False
Is 5704 a mul